-247) + -81)).
63
Evaluate -12 + -12 - (9 + 27 + -13).
-47
(-12 - (3 - 8)) + 5 + -12 + 8 + 79
73
What is 0 + (28 + -5 - (-20 - -31) - -10)?
22
What is 44 + -40 + (4 - -32)?
40
52 - (56 + -26) - (-2 + 6)
18
Calculate -45 - (-40 + 53 + -104).
46
-5 + (-16 + (18 - 0) + -52 + 44 - -86)
75
What is (26 - (-5 - 2)) + (-1 - 4) + -36 + 42?
34
20 + 5 + 4 + 13 + -13 + 7 + -9
27
Calculate (0 - 22) + (131 + -218 - -149).
40
What is 1 - (1 - 5 - ((-20 - -13) + -73 + 3))?
-72
(-10 - (17 - 1)) + -9 + -36
-71
Calculate -122 - ((-56 + 39 - 2) + 5).
-108
(-42 - 0) + 30 + 67
55
What is 24 + -21 - (48 + 8 + -3 + -6)?
-44
Calculate (-131 - 1) + -19 + -4 + 60.
-95
Evaluate -48 - (-99 - (-26 - 72)).
-47
What is the value of 69 + (-2 - (13 - 37) - 27)?
64
Evaluate (455 - 469) + (5 + -8 - 18).
-35
What is the value of -22 - -5 - (-315 + 268)?
30
(2 - (10 + 0 - 0)) + (-66 - -190)
116
What is -617 + 626 + (19 - (-1 + -4)) + 5?
38
What is 4 + (6 - 5) + 8 - (114 + -81 - 61)?
41
(48 - 1) + -2 - (-44 + 47)
42
What is -69 + (18 - (-4 + -5) - 8)?
-50
6 + (-33 - (-9 - 6)) - 14
-26
Evaluate -82 + 60 + -15 + -19.
-56
-39 + 76 + -55 - (-37 - 1)
20
Evaluate (-19 - (-5 - 1)) + -1548 + 1640.
79
Evaluate (-46 - 12) + 81 + -41.
-18
What is the value of -16 - ((1 - 8 - 3) + (22 - 24) - -16)?
-20
Evaluate (23 - (-1 - -1)) + -122 + -65 + 177.
13
What is the value of 8 + (-4 - 11) + -21?
-28
29 - (36 - (-24 - -40) - -54)
-45
What is -37 - (-27 + -1 + 9 + 17 + -5)?
-30
(-8 + 0 - (-32 - -4 - (-15 + 1))) + 16
22
What is 27 + (-2 - -1) + (3 - -87 - 44) + -55?
17
What is the value of (-1 - -41) + (-84 - -70 - (-2 + 5 - 8))?
31
Calculate ((0 - 8) + 7 - -5) + -7 - 15.
-18
Calculate 20 - -102 - (-445 + 505).
62
-4 - -6 - 4 - (0 + 8 + 192 + -184)
-18
What is 4 + -2 + 2 + (111 - 52) + -87?
-24
What is -44 + 48 + (-13 - 8) - -67?
50
Evaluate 137 + -9 + (24 - (-14 - 3 - (135 - 169))).
135
Evaluate (-30 - -66 - ((15 - 1) + 7)) + (-2 - -16).
29
Calculate -5 + 4 - (2 - -2) - (-9 - -17).
-13
What is -60 - (-74 - 7 - -41)?
-20
What is -3701 - -3779 - (-7 - -1)?
84
Evaluate -1068 - -1095 - (-1 - -90).
-62
-18 - -37 - 17 - (2 - -10) - -52
42
(325 - (162 + 38)) + 1 + -44
82
What is the value of 59 + -29 + 39 + -94?
-25
What is the value of -9 - (-15 + 34 - 6) - -27 - (0 - -1)?
4
-8 + -2 + (1 - (2 - -1)) + -564 + 527
-49
What is -34 + (-165 + 113 - -44)?
-42
What is -67 + 65 - (-10 - (7 - 37 - (5 + -3)))?
-24
Calculate -3 + -24 + 63 - 23.
13
(2805 - 2863) + 44 + 2
-12
What is 49 + (-15 - -30 - -20) + -27?
57
What is the value of (80 - 33) + (11 - (-19 + 19))?
58
Evaluate (-14 - ((-68 - 2) + 13 + 11)) + 7.
39
Calculate -29 + (52 - 25) + (18 - 15).
1
What is (9 + 14 + -27 - 10 - -102) + (-8 - -22)?
102
14 + (37 + -35 - (-1 + 1 - -7)) - 12
-3
Evaluate (454 + -473 - (0 - 18)) + 44 + 2 + -3.
42
What is the value of 13 + (55 + 31 - 49)?
50
Evaluate 101 + -4 + (-1 - 4) + -52 + 55.
95
Evaluate -15 + 10 + (9 - 9) + 5 + 5.
5
Calculate -49 - (23 - 26 - 23).
-23
-5 + (-42 - 5 - -29)
-23
-46 - (1606 + -1615 - (-1 - -3))
-35
What is the value of (-13 - -1 - (-5 - 6)) + -3 + -4?
-8
What is 10 - 16 - -2 - -16 - (11 - 48)?
49
What is the value of (-12 + (18 - -12) - -64) + (-22 - -27)?
87
Evaluate 0 + (-43 - 10 - -67).
14
Calculate 11 + -1 - (5 + 101 + -3 + -5 - -7).
-95
What is (-3 + 0 - 3) + (-34 - 26) + 27?
-39
Evaluate (1 - 12) + 23 + (-44 - (-46 + 29)).
-15
What is the value of (-2 + 0 + 9 - -10) + 91 + -76?
32
Evaluate -54 - (-17 - (-22 - -15 - 5)).
-49
What is (3 - -8) + -20 + 5 - (44 - (1 - -1))?
-46
Calculate -6 + (0 - -1) + (10117 - 10160 - (-72 + -1)).
25
What is -83 - (-266 - (-62 - 96))?
25
Evaluate -8 - (-24 - (7 + 10)).
33
Evaluate -1 + -2 - ((2 - (-1 - -73)) + 2206 + -2191).
52
What is -60 + (12 - 4) + (0 - -7) + (104 - 102)?
-43
What is the value of (16 - (67 + -16 - -5)) + -17 + 3?
-54
Calculate (8 - 14 - 19) + (24 - 25).
-26
What is (32 - 14) + -5 + 10 + -97 + 85?
11
Evaluate -29 + 22 - (17 - -40) - -9.
-55
Calculate 1 - -2 - -70 - (13 + (-9 - 7) + -9).
85
Evaluate 1 + 14 - (10 + -72 + 31 + 22).
24
14 + (-14 - (-9 + -7)) + 3 + -27
-8
What is 16 + (-66 + -29 + 14 - -10) - (0 - 0)?
-55
Evaluate (3 - (-57 + -2)) + (-846 - -820).
36
What is -32 - (58 - 41 - -31)?
-80
Calculate 18 - (-35 + 6 + 19) - (7 + -2).
23
What is the value of -4 + 1 + 61 + -5 - (287 - 278)?
44
What is (-73 - 0) + 60 - (-5 - -10 - 163)?
145
What is the value of 23 + (49 - 4) + (-169 - -193)?
92
15 + 10 + 615 + -754
-114
What is 12 - (8 - 7) - (-35 + 14)?
32
Evaluate 1 - ((5 - -2) + (333 - 401)).
62
Calculate (28 - 5) + (34 + -53 - -1).
5
What is -19 - ((-33 - -6) + -7 - (16 - 4))?
27
What is the value of -15 - ((1 + -1 - -9) + -2413 + 2381)?
8
-123 + (38 - 9) - ((-3 - -2) + -11)
-82
What is the value of (71 - 77 - (2 + -7)) + 20 + -5?
14
Calculate (36 - 13 - 38 - (-25 + 0)) + 14.
24
(19 - (18 - -41)) + 36
-4
What is -57 + -9 + (109 - 80)?
-37
Evaluate 53 + (10 + -4 - (9 - (0 + 10))).
60
Evaluate (-36 - (3 - (12 + -19))) + 25 + 104.
83
Calculate (-15 + 21 - -42) + -11.
37
Calculate 36 + -11 + (-37 - -3) + 1.
-8
Evaluate -36 - (-10 - -9 - (12 - (17 - 9))).
-31
What is -263 + 249 + (1 + -3 - -18)?
2
-3 + 3 + -9 - (24 - 1 - 19 - 18)
5
What is the value of (21 - 32) + 0 - 45?
-56
Calculate (-150 + 90 - -7) + (-1 + 2 - -1) + 6.
-45
What is the value of 1 + 0 + -32 - (-74 - (-74 + -1))?
-32
Calculate -534 + 548 + (-4 - -1) + (3 - (2 + 21)).
-9
What is the value of 43 - 18 - (13 - (13 - (5 + 1)))?
19
Calculate -79 - (-55 - 32 - 45).
53
Evaluate 58 + -46 - 31 - 53.
-72
What is 46 + 208 + -270 - (-22 + -1 + -1)?
8
-2 - (5 + (3 - 0)) - -4
-6
What is -47 + 55 - (35 + -10 + (7 - 4))?
-20
Evaluate 6 - (10 + 10 + -8 + -19).
13
(-714 - -711 - (1 + 36)) + -8
-48
Calculate 51 + -61 + -74 + 76.
-8
19 - (-7 - (-2 - -15 - -7)) - (1 + 1)
44
What is 30 - (5 - 14 - -5) - (5 - 16 - -3)?
42
What is the value of -5 - (-4 + -2 + (72 - 77))?
6
What is the value of (66 + 1 + -1 - (-19 + 2 - -22)) + 7?
68
Evaluate -17 + (-64 - (-8 + -17) - (21 - 4)).
-73
21 + 50 - 57 - 29
-15
Evaluate (-72 - (-25 - -71)) + (-14 - 0).
-132
-3 + 0 + 8 + -6 + (-2 - -15 - 70)
-58
What is -1304 - -1328 - (-12 + -1 + 3 - -3)?
31
Calculate (75 + -102 - (-35 - -14)) + 14.
8
Evaluate 37 - ((18 - 18) + (5 - 2) - (27 - 13)).
48
What is the value of ((24 - (3 - -4)) + -20 - -65) + 9 + -2?
69
What is (3 + 7 - 21) + 3 + -18 + -4?
-30
Calculate 54 - (29 - -3 - -20).
2
What is (-30 - (-2 + -15 + -6 + 19)) + (-1 - 0)?
-27
Evaluate 9 + -7 + (-11 - (17 - 17) - (-49 - 0)).
40
What is -55 - (-9 - (69 - 11))?
12
Calculate 41 + (15 - (2 + -23)) - -11.
88
Evaluate 15 + 25 - (-16 + 6) - 19.
31
What is the value of -67 - (50 - 43) - -41?
-33
What is (7 - (-11 - -22)) + 15 + -12 + 0 - 67?
-68
Evaluate -19 - (-6 + -1) - (-9 + 35).
-38
What is the value of -2 + 3 + (14 - 9) + -3 + -11 + -44?
-52
Evaluate 82 + -91 - -63 - 111.
-57
What is the value of 2 + (9 - (16 + 9)) + -14?
-28
What is the value of (7 - -3) + -1 - (77 + 27 + -77)?
-18
Calculate 68 - (-49 - -30 - -4 - (3 - 31)).
55
Evaluate 8 + (-11 - -16) + -7 - 21.
-15
-22 - (-29 + -16) - 53
-30
Calculate 54 + (9 - (-2 + 2 + 0)) + (-4 - 16).
43
42 + -66 + (-32 - -47)
-9
-2406 - -2304 - (-190 + -3)
91
What is -93 + 45 + 22 + 58?
32
What is -2 + 26 - (50 + (36 - -15 - 228))?
151
7 + (0 - 11 - (3 - -14)) - 54
-75
What is the value of 10 - (-6 - (-90 + 36))?
-38
What is the value of (37 - (73 - 46)) + -41?
-31
What is the value of (161 - 18) + -13 - 12 - (-21 + 42)?
97
Evaluate -41 + (-11 - (11 + -6 + -8) - -13).
-36
What is the value of -7 + (64 - 49) + (14 - -1)?
23
What is 2 - (-3 + (4 - 1)) - (523 - 527)?
6
What is 1 + (35 - 33 - (-3 + 31))?
-25
What is the value of 57 - (71 - (55 + -11))?
30
Evaluate 49 + 4 + -21 - -18.
50
Evaluate 41 - ((39 + -16 - 14) + (-9 - 2)).
43
What is (-20 - -49) + -8 + -5 + 9 + -5?
20
What is -36 - (-36 + 39 + -18 + -121)?
100
Evaluate -48 - (46 - (-11 + 33 + 2)).
-70
Evaluate -479 + 499 - (28 - 4).
-4
Evaluate 7 + -3 - 28 - (-152 - -129).
-1
Calculate -17 - (1 + 1 + 7 - 32).
6
6 - ((-434 - -429) + -43 + -4 + -3)
61
Evaluate -8 + (43 - (-9 - -50)).
-6
What is the value of (4 - 6) + -6 + 22 + -10 + 11?
15
Calculate -2187 + 2103 + 0 + 75.
-9
What is 25 - (15 + (14 - (10 - -2)))?
8
What is 4 + -26 - (35 + (-23 - 26))?
-8
What is the 